{"id":5048,"date":"2022-08-07T13:43:07","date_gmt":"2022-08-07T13:43:07","guid":{"rendered":"http:\/\/carola.wwwnl1-sr12.supercp.com\/?post_type=tribe_events&#038;p=5048"},"modified":"2022-08-07T13:43:07","modified_gmt":"2022-08-07T13:43:07","slug":"konzert-aux-choeurs-des-legendes-2","status":"publish","type":"tribe_events","link":"https:\/\/dupmecp2.eu\/de\/event\/konzert-aux-choeurs-des-legendes-2\/","title":{"rendered":"Konzert \"Aux ch\u0153urs des l\u00e9gendes 2\" (In den Ch\u00f6ren der Legenden 2)"},"content":{"rendered":"<p><a href=\"https:\/\/youtu.be\/cyraVUYQuLI\"><span style=\"font-weight: 400;\">https:\/\/youtu.be\/cyraVUYQuLI<\/span><\/a><\/p>\n<p><span style=\"font-weight: 400;\">Von Mozart bis Coldplay, lassen Sie sich von diesem weniger \"klassischen\" Konzert mitrei\u00dfen... Eine Abfolge von Legenden und Musikst\u00fccken, die Sie f\u00fcr die Dauer eines Konzerts durch die Jahrhunderte f\u00fchren werden. Fast 300 Chors\u00e4nger und Musiker sind mit dem einzigen Ziel vereint, Sie zu begeistern und durch ihre Geschichte zu reisen. Doch bevor Sie diese Auff\u00fchrung und ihre Legenden kennenlernen, m\u00f6chten wir Ihnen eine ganz andere Geschichte erz\u00e4hlen...<\/span><\/p>\n<p><span style=\"font-weight: 400;\">Irgendwo auf der Welt gibt es ein kleines Forscherteam, das sich intensiv mit einer genetischen Anomalie (MECP2-Genduplikation) besch\u00e4ftigt. Diese Anomalie ist so schwerwiegend und selten, dass die betroffenen Kinder fast alle dazu verurteilt sind, weder laufen noch sprechen zu k\u00f6nnen, und leider erreichen nur wenige von ihnen das Erwachsenenalter ... Doch dieses kleine Forscherteam in Houston hat nun bewiesen, dass diese Anomalie umkehrbar ist!<\/span><\/p>\n<p><span style=\"font-weight: 400;\">Mit Ihrer Teilnahme an dieser Auff\u00fchrung tragen Sie ein wenig zur Finanzierung dieser Forschungsarbeiten und damit zu dieser zuk\u00fcnftigen Legende bei, die eines Tages erz\u00e4hlen wird, dass diese Krankheit besiegt ist und dass etwa 100 betroffene Kinder in Frankreich von einer Behandlung profitieren konnten. Der gesamte Erl\u00f6s aus dem Kartenverkauf wird \u00fcber den Verein Les Petits Mec P2 f\u00fcr die Finanzierung dieser medizinischen Forschung verwendet.<\/span><\/p>\n<p><span style=\"font-weight: 400;\">\u00a0<\/span><\/p>\n<p><span style=\"font-weight: 400;\">\"Was die Zukunft betrifft, so geht es nicht darum, sie vorauszusehen, sondern sie zu erm\u00f6glichen!\" Antoine de Saint-Exup\u00e9ry.<\/span><\/p>","protected":false},"excerpt":{"rendered":"<p>https:\/\/youtu.be\/cyraVUYQuLI Von Mozart bis Coldplay, lassen Sie sich von diesem schon weniger \"klassischen\" Konzert mitrei\u00dfen... Eine Abfolge von Legenden und Musik, die Sie f\u00fcr die Dauer eines [...] durch die Jahrhunderte f\u00fchren wird.<\/p>","protected":false},"author":1,"featured_media":0,"template":"","meta":{"_tribe_events_status":"","_tribe_events_status_reason":"","footnotes":""},"tags":[],"tribe_events_cat":[],"class_list":["post-5048","tribe_events","type-tribe_events","status-publish","hentry"],"yoast_head":"<!-- This site is optimized with the Yoast SEO plugin v25.8 - https:\/\/yoast.com\/wordpress\/plugins\/seo\/ -->\n<title>Concert &quot;Aux ch\u0153urs des l\u00e9gendes 2&quot; - DupMECP2<\/title>\n<meta name=\"robots\" content=\"index, follow, max-snippet:-1, max-image-preview:large, max-video-preview:-1\" \/>\n<link rel=\"canonical\" href=\"https:\/\/dupmecp2.eu\/de\/event\/konzert-aux-choeurs-des-legendes-2\/\" \/>\n<meta property=\"og:locale\" content=\"de_DE\" \/>\n<meta property=\"og:type\" content=\"article\" \/>\n<meta property=\"og:title\" content=\"Concert &quot;Aux ch\u0153urs des l\u00e9gendes 2&quot; - DupMECP2\" \/>\n<meta property=\"og:description\" content=\"https:\/\/youtu.be\/cyraVUYQuLI De Mozart \u00e0 Coldplay, laissez vous emporter par ce concert d\u00e8s moins \u00ab\u00a0classique\u00a0\u00bb&#8230; Une succession de l\u00e9gendes et de musiques qui vous feront traverser les si\u00e8cles le temps d&rsquo;un [&hellip;]\" \/>\n<meta property=\"og:url\" content=\"https:\/\/dupmecp2.eu\/de\/event\/konzert-aux-choeurs-des-legendes-2\/\" \/>\n<meta property=\"og:site_name\" content=\"DupMECP2\" \/>\n<meta name=\"twitter:card\" content=\"summary_large_image\" \/>\n<meta name=\"twitter:label1\" content=\"Gesch\u00e4tzte Lesezeit\" \/>\n\t<meta name=\"twitter:data1\" content=\"2\u00a0Minuten\" \/>\n<script type=\"application\/ld+json\" class=\"yoast-schema-graph\">{\"@context\":\"https:\/\/schema.org\",\"@graph\":[{\"@type\":\"WebPage\",\"@id\":\"https:\/\/dupmecp2.eu\/event\/concert-aux-choeurs-des-legendes-2\/\",\"url\":\"https:\/\/dupmecp2.eu\/event\/concert-aux-choeurs-des-legendes-2\/\",\"name\":\"Concert \\\"Aux ch\u0153urs des l\u00e9gendes 2\\\" - DupMECP2\",\"isPartOf\":{\"@id\":\"https:\/\/dupmecp2.eu\/#website\"},\"datePublished\":\"2022-08-07T13:43:07+00:00\",\"breadcrumb\":{\"@id\":\"https:\/\/dupmecp2.eu\/event\/concert-aux-choeurs-des-legendes-2\/#breadcrumb\"},\"inLanguage\":\"de\",\"potentialAction\":[{\"@type\":\"ReadAction\",\"target\":[\"https:\/\/dupmecp2.eu\/event\/concert-aux-choeurs-des-legendes-2\/\"]}]},{\"@type\":\"BreadcrumbList\",\"@id\":\"https:\/\/dupmecp2.eu\/event\/concert-aux-choeurs-des-legendes-2\/#breadcrumb\",\"itemListElement\":[{\"@type\":\"ListItem\",\"position\":1,\"name\":\"Accueil\",\"item\":\"https:\/\/dupmecp2.eu\/\"},{\"@type\":\"ListItem\",\"position\":2,\"name\":\"Events\",\"item\":\"https:\/\/dupmecp2.eu\/events\/\"},{\"@type\":\"ListItem\",\"position\":3,\"name\":\"Concert \u00ab\u00a0Aux ch\u0153urs des l\u00e9gendes 2\u00a0\u00bb\"}]},{\"@type\":\"WebSite\",\"@id\":\"https:\/\/dupmecp2.eu\/#website\",\"url\":\"https:\/\/dupmecp2.eu\/\",\"name\":\"DupMECP2\",\"description\":\"EU\",\"publisher\":{\"@id\":\"https:\/\/dupmecp2.eu\/#organization\"},\"potentialAction\":[{\"@type\":\"SearchAction\",\"target\":{\"@type\":\"EntryPoint\",\"urlTemplate\":\"https:\/\/dupmecp2.eu\/?s={search_term_string}\"},\"query-input\":{\"@type\":\"PropertyValueSpecification\",\"valueRequired\":true,\"valueName\":\"search_term_string\"}}],\"inLanguage\":\"de\"},{\"@type\":\"Organization\",\"@id\":\"https:\/\/dupmecp2.eu\/#organization\",\"name\":\"DupMECP2\",\"url\":\"https:\/\/dupmecp2.eu\/\",\"logo\":{\"@type\":\"ImageObject\",\"inLanguage\":\"de\",\"@id\":\"https:\/\/dupmecp2.eu\/#\/schema\/logo\/image\/\",\"url\":\"\",\"contentUrl\":\"\",\"caption\":\"DupMECP2\"},\"image\":{\"@id\":\"https:\/\/dupmecp2.eu\/#\/schema\/logo\/image\/\"}}]}<\/script>\n<!-- \/ Yoast SEO plugin. -->","yoast_head_json":{"title":"Konzert \"Aux ch\u0153urs des l\u00e9gendes 2\" - DupMECP2","robots":{"index":"index","follow":"follow","max-snippet":"max-snippet:-1","max-image-preview":"max-image-preview:large","max-video-preview":"max-video-preview:-1"},"canonical":"https:\/\/dupmecp2.eu\/de\/event\/konzert-aux-choeurs-des-legendes-2\/","og_locale":"de_DE","og_type":"article","og_title":"Concert \"Aux ch\u0153urs des l\u00e9gendes 2\" - DupMECP2","og_description":"https:\/\/youtu.be\/cyraVUYQuLI De Mozart \u00e0 Coldplay, laissez vous emporter par ce concert d\u00e8s moins \u00ab\u00a0classique\u00a0\u00bb&#8230; Une succession de l\u00e9gendes et de musiques qui vous feront traverser les si\u00e8cles le temps d&rsquo;un [&hellip;]","og_url":"https:\/\/dupmecp2.eu\/de\/event\/konzert-aux-choeurs-des-legendes-2\/","og_site_name":"DupMECP2","twitter_card":"summary_large_image","twitter_misc":{"Gesch\u00e4tzte Lesezeit":"2\u00a0Minuten"},"schema":{"@context":"https:\/\/schema.org","@graph":[{"@type":"WebPage","@id":"https:\/\/dupmecp2.eu\/event\/concert-aux-choeurs-des-legendes-2\/","url":"https:\/\/dupmecp2.eu\/event\/concert-aux-choeurs-des-legendes-2\/","name":"Konzert \"Aux ch\u0153urs des l\u00e9gendes 2\" - DupMECP2","isPartOf":{"@id":"https:\/\/dupmecp2.eu\/#website"},"datePublished":"2022-08-07T13:43:07+00:00","breadcrumb":{"@id":"https:\/\/dupmecp2.eu\/event\/concert-aux-choeurs-des-legendes-2\/#breadcrumb"},"inLanguage":"de","potentialAction":[{"@type":"ReadAction","target":["https:\/\/dupmecp2.eu\/event\/concert-aux-choeurs-des-legendes-2\/"]}]},{"@type":"BreadcrumbList","@id":"https:\/\/dupmecp2.eu\/event\/concert-aux-choeurs-des-legendes-2\/#breadcrumb","itemListElement":[{"@type":"ListItem","position":1,"name":"Accueil","item":"https:\/\/dupmecp2.eu\/"},{"@type":"ListItem","position":2,"name":"Events","item":"https:\/\/dupmecp2.eu\/events\/"},{"@type":"ListItem","position":3,"name":"Concert \u00ab\u00a0Aux ch\u0153urs des l\u00e9gendes 2\u00a0\u00bb"}]},{"@type":"WebSite","@id":"https:\/\/dupmecp2.eu\/#website","url":"https:\/\/dupmecp2.eu\/","name":"DupMECP2","description":"EU","publisher":{"@id":"https:\/\/dupmecp2.eu\/#organization"},"potentialAction":[{"@type":"SearchAction","target":{"@type":"EntryPoint","urlTemplate":"https:\/\/dupmecp2.eu\/?s={search_term_string}"},"query-input":{"@type":"PropertyValueSpecification","valueRequired":true,"valueName":"search_term_string"}}],"inLanguage":"de"},{"@type":"Organization","@id":"https:\/\/dupmecp2.eu\/#organization","name":"DupMECP2","url":"https:\/\/dupmecp2.eu\/","logo":{"@type":"ImageObject","inLanguage":"de","@id":"https:\/\/dupmecp2.eu\/#\/schema\/logo\/image\/","url":"","contentUrl":"","caption":"DupMECP2"},"image":{"@id":"https:\/\/dupmecp2.eu\/#\/schema\/logo\/image\/"}}]}},"_links":{"self":[{"href":"https:\/\/dupmecp2.eu\/de\/wp-json\/wp\/v2\/tribe_events\/5048","targetHints":{"allow":["GET"]}}],"collection":[{"href":"https:\/\/dupmecp2.eu\/de\/wp-json\/wp\/v2\/tribe_events"}],"about":[{"href":"https:\/\/dupmecp2.eu\/de\/wp-json\/wp\/v2\/types\/tribe_events"}],"author":[{"embeddable":true,"href":"https:\/\/dupmecp2.eu\/de\/wp-json\/wp\/v2\/users\/1"}],"version-history":[{"count":0,"href":"https:\/\/dupmecp2.eu\/de\/wp-json\/wp\/v2\/tribe_events\/5048\/revisions"}],"wp:attachment":[{"href":"https:\/\/dupmecp2.eu\/de\/wp-json\/wp\/v2\/media?parent=5048"}],"wp:term":[{"taxonomy":"post_tag","embeddable":true,"href":"https:\/\/dupmecp2.eu\/de\/wp-json\/wp\/v2\/tags?post=5048"},{"taxonomy":"tribe_events_cat","embeddable":true,"href":"https:\/\/dupmecp2.eu\/de\/wp-json\/wp\/v2\/tribe_events_cat?post=5048"}],"curies":[{"name":"wp","href":"https:\/\/api.w.org\/{rel}","templated":true}]}}

Konzert "Aux chœurs des légendes 2" (In den Chören der Legenden 2)

<p><a href="https://youtu.be/cyraVUYQuLI"><span style="font-weight: 400;">https://youtu.be/cyraVUYQuLI</span></a></p>
<p><span style="font-weight: 400;">Von Mozart bis Coldplay, lassen Sie sich von diesem weniger "klassischen" Konzert mitreißen... Eine Abfolge von Legenden und Musikstücken, die Sie für die Dauer eines Konzerts durch die Jahrhunderte führen werden. Fast 300 Chorsänger und Musiker sind mit dem einzigen Ziel vereint, Sie zu begeistern und durch ihre Geschichte zu reisen. Doch bevor Sie diese Aufführung und ihre Legenden kennenlernen, möchten wir Ihnen eine ganz andere Geschichte erzählen...</span></p>
<p><span style="font-weight: 400;">Irgendwo auf der Welt gibt es ein kleines Forscherteam, das sich intensiv mit einer genetischen Anomalie (MECP2-Genduplikation) beschäftigt. Diese Anomalie ist so schwerwiegend und selten, dass die betroffenen Kinder fast alle dazu verurteilt sind, weder laufen noch sprechen zu können, und leider erreichen nur wenige von ihnen das Erwachsenenalter ... Doch dieses kleine Forscherteam in Houston hat nun bewiesen, dass diese Anomalie umkehrbar ist!</span></p>
<p><span style="font-weight: 400;">Mit Ihrer Teilnahme an dieser Aufführung tragen Sie ein wenig zur Finanzierung dieser Forschungsarbeiten und damit zu dieser zukünftigen Legende bei, die eines Tages erzählen wird, dass diese Krankheit besiegt ist und dass etwa 100 betroffene Kinder in Frankreich von einer Behandlung profitieren konnten. Der gesamte Erlös aus dem Kartenverkauf wird über den Verein Les Petits Mec P2 für die Finanzierung dieser medizinischen Forschung verwendet.</span></p>
<p><span style="font-weight: 400;"> </span></p>
<p><span style="font-weight: 400;">"Was die Zukunft betrifft, so geht es nicht darum, sie vorauszusehen, sondern sie zu ermöglichen!" Antoine de Saint-Exupéry.</span></p>

<p>https://youtu.be/cyraVUYQuLI Von Mozart bis Coldplay, lassen Sie sich von diesem schon weniger "klassischen" Konzert mitreißen... Eine Abfolge von Legenden und Musik, die Sie für die Dauer eines [...] durch die Jahrhunderte führen wird.</p>

<!-- This site is optimized with the Yoast SEO plugin v25.8 - https://yoast.com/wordpress/plugins/seo/ -->
<title>Concert &quot;Aux chœurs des légendes 2&quot; - DupMECP2</title>
<meta name="robots" content="index, follow, max-snippet:-1, max-image-preview:large, max-video-preview:-1" />
<link rel="canonical" href="https://dupmecp2.eu/de/event/konzert-aux-choeurs-des-legendes-2/" />
<meta property="og:locale" content="de_DE" />
<meta property="og:type" content="article" />
<meta property="og:title" content="Concert &quot;Aux chœurs des légendes 2&quot; - DupMECP2" />
<meta property="og:description" content="https://youtu.be/cyraVUYQuLI De Mozart à Coldplay, laissez vous emporter par ce concert dès moins « classique »&#8230; Une succession de légendes et de musiques qui vous feront traverser les siècles le temps d&rsquo;un [&hellip;]" />
<meta property="og:url" content="https://dupmecp2.eu/de/event/konzert-aux-choeurs-des-legendes-2/" />
<meta property="og:site_name" content="DupMECP2" />
<meta name="twitter:card" content="summary_large_image" />
<meta name="twitter:label1" content="Geschätzte Lesezeit" />
	<meta name="twitter:data1" content="2 Minuten" />
<script type="application/ld+json" class="yoast-schema-graph">{"@context":"https://schema.org","@graph":[{"@type":"WebPage","@id":"https://dupmecp2.eu/event/concert-aux-choeurs-des-legendes-2/","url":"https://dupmecp2.eu/event/concert-aux-choeurs-des-legendes-2/","name":"Concert \"Aux chœurs des légendes 2\" - DupMECP2","isPartOf":{"@id":"https://dupmecp2.eu/#website"},"datePublished":"2022-08-07T13:43:07+00:00","breadcrumb":{"@id":"https://dupmecp2.eu/event/concert-aux-choeurs-des-legendes-2/#breadcrumb"},"inLanguage":"de","potentialAction":[{"@type":"ReadAction","target":["https://dupmecp2.eu/event/concert-aux-choeurs-des-legendes-2/"]}]},{"@type":"BreadcrumbList","@id":"https://dupmecp2.eu/event/concert-aux-choeurs-des-legendes-2/#breadcrumb","itemListElement":[{"@type":"ListItem","position":1,"name":"Accueil","item":"https://dupmecp2.eu/"},{"@type":"ListItem","position":2,"name":"Events","item":"https://dupmecp2.eu/events/"},{"@type":"ListItem","position":3,"name":"Concert « Aux chœurs des légendes 2 »"}]},{"@type":"WebSite","@id":"https://dupmecp2.eu/#website","url":"https://dupmecp2.eu/","name":"DupMECP2","description":"EU","publisher":{"@id":"https://dupmecp2.eu/#organization"},"potentialAction":[{"@type":"SearchAction","target":{"@type":"EntryPoint","urlTemplate":"https://dupmecp2.eu/?s={search_term_string}"},"query-input":{"@type":"PropertyValueSpecification","valueRequired":true,"valueName":"search_term_string"}}],"inLanguage":"de"},{"@type":"Organization","@id":"https://dupmecp2.eu/#organization","name":"DupMECP2","url":"https://dupmecp2.eu/","logo":{"@type":"ImageObject","inLanguage":"de","@id":"https://dupmecp2.eu/#/schema/logo/image/","url":"","contentUrl":"","caption":"DupMECP2"},"image":{"@id":"https://dupmecp2.eu/#/schema/logo/image/"}}]}</script>
<!-- / Yoast SEO plugin. -->

Konzert "Aux chœurs des légendes 2" - DupMECP2

Concert "Aux chœurs des légendes 2" - DupMECP2

https://youtu.be/cyraVUYQuLI De Mozart à Coldplay, laissez vous emporter par ce concert dès moins « classique »&#8230; Une succession de légendes et de musiques qui vous feront traverser les siècles le temps d&rsquo;un [&hellip;]

Concert « Aux chœurs des légendes 2 »
